 - 6*l(m). Calculate j(v).
-4
Suppose -4*t - 4*w = -100 - 28, -184 = -5*t + w. Suppose 4*v = t - 0. Let z = 13 - v. Let l(p) = p**3 - 4*p**2 + 1. Determine l(z).
1
Let n(q) = -q**3 - q**2 + 3*q - 2. Let c(z) = -z**2 + 5*z - 2. Let s be c(4). Determine n(s).
-8
Let i(v) = v**2 - 3*v + 4. Suppose 2*c - 3*j + 4 = 2*j, -j + 17 = 5*c. Let b = 1 + c. What is i(b)?
8
Let q(v) = v - 2. Let z(h) = 2*h - 7. Let p(c) = -3*q(c) + z(c). What is p(-3)?
2
Let t = -3 - 6. Let c = 11 - 0. Let k = t + c. Let u(r) = 2*r**3 - 4*r**2 + 3*r. Determine u(k).
6
Let y be (-4)/(-7)*(-21)/(-6). Let g(o) = -8 - 2*o**2 + 4*o**y - 3*o + 11 + o**3. Give g(-3).
3
Let u(c) = c**2 + 5*c. Suppose -2*r = 2*t - 13 - 15, 0 = -t + r + 4. Suppose -2*k - 21 = -t. Determine u(k).
6
Let c(s) be the second derivative of -2*s - 1/6*s**3 + 0 - 5/2*s**2. Let b be 440/(-70) - 2/(-7). Calculate c(b).
1
Let m = 50 + -42. Let x(c) = 2*c - 11. Determine x(m).
5
Let k(u) = u + 2. Suppose -f - 5*f = 0. Give k(f).
2
Let m be 0 + (0 - (9 - 3)). Let l(v) = -v - 3. Determine l(m).
3
Let c(d) be the third derivative of d**4/8 + d**3/6 - 3*d**2. Determine c(-2).
-5
Let l(p) be the first derivative of 2*p**3/3 - 9*p**2/2 + 4*p - 12. Determine l(6).
22
Let a(h) = h**2 - 8*h - 4. Let q(y) = -y**2 - 9*y + 7. Let z be q(-10). Let m(w) = -w. Let b(l) = z*m(l) + a(l). Calculate b(6).
2
Suppose -h + 18 = 2*h. Let j(s) be the first derivative of s**4/4 - 5*s**3/3 - 7*s**2/2 - 38. Give j(h).
-6
Let f = 4 + -3. Let t(x) = 3*x + 1. Let s be t(f). Let z(k) = k**2 - 3*k - 3. Determine z(s).
1
Let o(z) = z**3 - z**2 - z - 2. Suppose -5*a + 0 = -90. Suppose 3*w - 14 = 2*w + 4*x, 5*x + a = w. Give o(w).
-12
Let h(p) = 5 + 4 + p**2 + 6*p - 2 - 1. Calculate h(-4).
-2
Suppose -4 = 2*k - 3*k. Let j(p) = -p**3 + 5*p**2 - 3*p - 5. Let q be j(k). Let u(g) = 0*g**2 + 9 - g**3 - 8 - 4*g**3 - 2*g**2. Calculate u(q).
4
Let o(i) = 3. Let q(a) = 4*a - 12. Let x(t) = 5*t - 13. Let y(w) = 6*q(w) - 5*x(w). Let u(z) = 5*o(z) + 2*y(z). Determine u(-1).
3
Let r(m) = m. Suppose 2*a = -0*q + 2*q + 2, 0 = -2*a - 2*q + 14. Suppose -j + 26 = a*n, 4*n = 5*j + 11 + 3. What is r(n)?
6
Let g(b) = b - 5. Let x be ((-10)/(-8))/(6/24). Let k be g(x). Let m(f) be the second derivative of f**3/6 - 3*f**2/2 - f. What is m(k)?
-3
Let t(y) = -2*y**2 - y + 4*y**2 - 2*y. Suppose -2*k + 3 = -1. What is t(k)?
2
Let l(q) = -q**2 - 5*q. Let m be (12*-1)/(-7 - -6). Suppose 0*r - m = 3*r. Determine l(r).
4
Let d(r) = 3*r - 5. Suppose 3*o = -3*t - 0*t + 15, -2*t + 13 = 5*o. Calculate d(t).
7
Let l(b) = 5*b**2 + b - 1. Let j be l(1). Let r(n) = 5 - 2*n**2 - 2*n + j - 11. What is r(-2)?
-5
Let i(m) be the third derivative of m**5/60 + m**4/12 - 2*m**3/3 - 2*m**2. Let s = 1 + 2. What is i(s)?
11
Let k(r) be the first derivative of 2 + 1/4*r**4 + 2*r**3 + 2*r**2 + 2*r. Calculate k(-5).
7
Let f(s) = 4*s**2 - s - 2. Let c(n) = -5*n**2 + 3. Let u(v) = 3*c(v) + 4*f(v). Let a(w) = w + 9. Let i be a(-8). Let h(m) = 5*m. Let g be h(i). Determine u(g).
6
Let u be (-2 - -1)/(10/(-30)). Let y(b) = -b**3 + 2*b**2 - 3*b. Give y(u).
-18
Let j(h) = -1. Let t(p) = p + 1. Let y(c) = 5*j(c) + 2*t(c). Let f = -2 + 6. Determine y(f).
5
Let u(s) be the second derivative of s**6/720 - s**5/20 + s**4/3 + s. Let d(k) be the third derivative of u(k). Let o(y) = y**3 - y. Let r be o(-1). Give d(r).
-6
Let i(d) = -4*d - 8*d - d - 2 + 12*d. Calculate i(5).
-7
Let z(k) = k**2 + 6*k - 4. Let n be z(-7). Let c(o) be the third derivative of -o**6/120 + o**5/20 - o**4/24 + 5*o**2. What is c(n)?
-3
Let r(a) be the second derivative of 1/12*a**4 + a + 1/3*a**3 + 1/2*a**2 + 0 + 3/10*a**5. What is r(-1)?
-6
Let f = -11 + 17. Let d(y) = 5*y - 1. Let l(k) = 11*k - 1. Let h(z) = 13*d(z) - 6*l(z). Let r(q) = 1. Let c(m) = f*r(m) + h(m). Determine c(-2).
1
Let f(g) = -g**3 - 4*g**2 + 3*g + 3. Let v = 5 + -15. Let r = v + 6. Give f(r).
-9
Let z be -1*(1 + -2) + 0. Let c(h) = -32*h**3 - 17*h**2 - 17*h - 3. Let g(i) = 11*i**3 + 6*i**2 + 6*i + 1. Let r(k) = -6*c(k) - 17*g(k). What is r(z)?
6
Let t(k) = -2*k**3 - 11*k**2 - 6*k - 3. Let q be t(-5). Let b(z) = 3*z - 3. Calculate b(q).
3
Let u(t) = 7*t**2 - 11*t + 6. Let j(r) = 3*r**2 - 5*r + 3. Let a(h) = 5*j(h) - 2*u(h). Let i be a(3). Let l(k) = -k**2 + 3*k - 1. What is l(i)?
-1
Suppose -4*s = s + 10. Let h(j) = 5*j + j**2 - j + 6 - 3. Give h(s).
-1
Let b(u) be the third derivative of u**8/6720 - u**7/630 + u**6/720 + u**5/60 + u**4/12 - u**2. Let x(z) be the second derivative of b(z). Calculate x(4).
6
Let g(p) = 0*p - 8*p**2 - p - 2*p**2. Let k(y) = y - 2. Let v = 3 - 2. Let z be k(v). What is g(z)?
-9
Suppose -3*a + 12 = 0, -2*i - a + 12 = -4*i. Let b be (i/(-6))/(3/18). Let s(l) = -3 + l**2 - 1 - b*l + 3. Calculate s(3).
-4
Let h be ((-2)/(-6))/(2/6). Let g(n) = n + 3. Let y(r) = 2*r + 5. Let u(s) = 5*g(s) - 3*y(s). Determine u(h).
-1
Let k(a) = 60*a**3 - 2*a - 1 - a**2 - 32*a**3 - 27*a**3. Determine k(-1).
-1
Let m(g) be the third derivative of g**7/2520 - g**6/720 - g**5/120 - g**4/12 + g**2. Let s(k) be the second derivative of m(k). What is s(-1)?
1
Suppose 0 = p - 4 + 2. Let j be ((-2)/1)/(p/(-3)). Let g(d) = -d**j + 4*d**2 - 2 + 4 + 10*d - 6*d. Calculate g(5).
-3
Suppose 0 = 5*n + 2*a - 29, 1 = -a - 2. Let w(t) = -6*t**3 + 1 + t**2 + 3*t + 3*t - n*t. Let z(x) = x**3 + 5*x**2 + 5*x + 5. Let j be z(-4). Calculate w(j).
-5
Let c(r) = -2*r**2 - 4*r - 1. Let a(h) = h**3 - 3*h**2 - 2*h + 3. Let z be a(3). Give c(z).
-7
Let j(p) = -3*p**3 + p - 7*p**2 + 4 + 2*p**3 + 0*p**3 + 4. Let n be j(-7). Let l(t) = 11*t**2 - 2*t + 1. Give l(n).
10
Suppose 5*q = 4*q + 3. Let u(h) = 0*h**3 - 6*h + q*h + h**3 + 6*h**2 + 3 + 10*h. Let w be (1 + -2)/(3/15). Give u(w).
-7
Let l(d) = 2*d**3 + 3*d**2 - 9*d - 21. Let r(t) = -t**3 - 2*t**2 + 5*t + 11. Let f(a) = 6*l(a) + 11*r(a). Give f(4).
-1
Let g(a) = 3*a - 1. Let t be 8/(-14) - ((-144)/14)/4. Determine g(t).
5
Let b(w) = -w**2 - 9*w - 1. Let p(o) = -4*o - 32. Let d be p(-6). Calculate b(d).
7
Suppose -5*n = 4*j + 8, 2*n = -3*j - 0*n + 1. Let o(s) = 8*s + 2*s**3 + 8 - j*s**3 - 9*s**2 + 4*s**2. Calculate o(-6).
-4
Let s(b) = -4*b**2 + b + 1. Let g be 2*1/4*-2. What is s(g)?
-4
Suppose -6 + 0 = -2*u. Let l(z) = -u*z**2 - 1 + 4 - 4 + 2*z**2. Suppose -3*c - 1 = -m - 0, 0 = c - 4*m + 15. Give l(c).
-2
Let f(h) = -5*h**2 - 11*h - 6. Let m be 6/9 + (-32)/(-6). Let w(v) = -v**2 - v. Let g(s) = m*w(s) - f(s). Calculate g(5).
6
Suppose l - 1 = 4. Suppose 1 = 4*y - 4*p - 19, l*p = -10. Let u(c) = -c**2 + 2*c - 3. Give u(y).
-6
Let h = 6 - 5. Let g(n) = h - n - 2 + 4 + 3. Suppose 4 = 3*x - 11. What is g(x)?
1
Suppose -5*q - 2*k = 6, -4*k = -2*q - 9 - 3. Let p(v) = -v**3 - 2*v**2 - 1. Let g be p(q). Let h(u) = u**3 + 4*u - 1 - 4*u. Calculate h(g).
-2
Suppose 2*a - 29 = -23. Let p(z) be the third derivative of 0*z - 7/24*z**4 + 0 - 1/60*z**5 - z**a - z**2. What is p(-4)?
6
Let l(i) = -5*i**2 + 5*i**2 - 4*i**2 - 1. Let r be 0 + 2 + (1 - 2). Calculate l(r).
-5
Let b(p) = p - 6. Let x(f) = f**3 - 6*f**2 + 2*f - 3. Let a be x(6). Suppose -45 = -3*y - a. Suppose -y + 0 = -3*w. Determine b(w).
-2
Let h(u) be the second derivative of -u**3/6 - u**2/2 + 7*u. Calculate h(0).
-1
Let v be (-1)/(-3) - 5/(-3). Let g be -2 + v - (-1 - 1). Let t(k) = 3 - 2 - k + g - 4. Determine t(1).
-2
Let r(w) be the first derivative of w**4/12 - w**3/2 + 3*w**2/2 - w + 2. Let y(o) be the first derivative of r(o). Give y(3).
3
Let b(h) = h**3 - 1. Let v be b(1). Let j(a) be the third derivative of -a**6/120 + a**5/60 + a**3/2 - 6*a**2. Give j(v).
3
Let j(m) = m**2 + 9*m - 25. Let n be j(-11). Let k(p) = 4*p + 2. Calculate k(n).
-10
Let c(w) = -w**3 - w. Let v(z) = -3*z**3 - 5*z**2 + 6*z + 9. Let q(y) = -2*c(y) + v(y). Give q(-6).
-3
Suppose 4*s + 12 = 4*p, -s - 1 = 4*p + 7. Suppose -6 = -5*c + 4*c. Let n be s/c - 2/(-3). Let u(i) = -i**3 - i**2 + i - 2. Give u(n).
-2
Suppose 0*a + 4*a = 3*d + 13, 4*a + 5*d = -11. Let s(k) = -k**3 + 6*k**2 - 10*k - 6 - a + 7*k. Let h be 2/3 + 26/6. Determine s(h).
3
Let r be 1/2 + 3/(-2). Let q(k) = -k + 1. Calculate q(r).
2
Suppose 0 = a - 1 - 5. Let p(k) = -a - 2*k + 4 + 1 - k. Let o be (6/(-9))/((-4)/6). Calculate p(o).
-4
Let y(d) be the first derivative of 7 + 2*d**2 + 4*d - 2*d**3 + 1/4*d**4. Calculate y(5).
-1
Let v(w) = -w*